 + -1.
17
Calculate -1 - 18 - (-14 - -5).
-10
What is -4 - (-4 + (-6 - ((0 - 5) + -2)))?
-1
What is the value of -14 + (-4 - 12 - -15)?
-15
(21 - -1) + 84 + -74 + (-11 - -1)
22
What is the value of -15 - -13 - (-5 + 3 - -3)?
-3
What is 7 - 7 - ((1 - -1) + -1)?
-1
What is 7 + -54 + (6 - -17)?
-24
4 - -2 - -16 - 2 - 52
-32
What is the value of (-18 + 11 - 0) + -5 + 10?
-2
What is -1 + 9 + -14 + 28 + -13?
9
-4 + (6 + -7 - 0) - -9
4
Calculate -15 + 2 + 0 + (38 - 10 - 28).
-13
Calculate (17 + -21 - -18) + -1 + 3.
16
Evaluate (-120 + 113 - (-2 - -5)) + 0.
-10
2 + -1 - (234 - 238)
5
What is the value of (-1076 - -1088) + 1 + 2 + -3 + -11?
1
What is 89 - 100 - (-22 - (-1 + -3))?
7
What is 559 + -558 - (-1 + -10)?
12
Evaluate -9 + 50 + (-18 - 1) + 8.
30
What is the value of -2 + -7 - (5 + (-17 - 1))?
4
What is the value of (4 - 11 - -12) + 11 + -3 + -5?
8
2 + (-10 - (-15 + 8)) + 6 + -3
2
Evaluate 1294 - 1318 - (-27 + 0).
3
Evaluate (68 - 75 - (2 - 14)) + -23.
-18
What is -4 - -12 - (-4 + (13 - 0))?
-1
What is -10 + 6 + -6 + (-4 - -10) - -3?
-1
Evaluate -1 + -24 + 11 + 16.
2
Evaluate 0 - (23 - (3 + 11)).
-9
(3 - 4) + (17 - 32 - (-7 + 3))
-12
Calculate (0 - 8 - (-207 - -197)) + 19.
21
What is the value of (9 - 17) + -8 - -10 - (0 - 1)?
-5
Evaluate -1 + 9 - 0 - (128 - (84 + 57)).
21
What is the value of 6 - (8 + -10 + -3)?
11
12 + 0 + 5 + -13
4
What is 7 + -12 + -6 - -22?
11
What is 13 - ((16 - (-6 - -13)) + 1)?
3
What is 6 - (-13 + 19 - (-1 - 1))?
-2
Evaluate 21 + -11 - (0 - (-22 + 8)).
-4
What is 0 + (27 + -14 - 12)?
1
What is the value of (-71 - -75) + -12 + 0 + 37?
29
What is 2 + 4 + -5 - -2 - (18 - 6)?
-9
What is -15 + (-50 - -48) + 5 + -3 + 2?
-13
Calculate (241 + -235 - (-2 + -9)) + -16.
1
What is -2 + 2 + 9 + -20?
-11
Calculate -3 + 0 + 5 - (-8 - (0 + 3)).
13
(2 - -13 - (-5 + 0)) + (-8 - 0)
12
Calculate -6 + (1 + 0 - (44 + -34)).
-15
Evaluate 15 - ((1 - -42) + (-52 - -50)).
-26
What is 11 + -32 + 14 + 2?
-5
-14 - 12 - (11 + -58)
21
What is 3 + (-15 - (-3 - 22))?
13
What is 34 + -43 + (15 + 0 - 4)?
2
What is 25 - (1 + (19 - 18))?
23
What is the value of (531 - 537) + (1 - -6)?
1
What is the value of -1 + (2 - -17 - 15)?
3
-1 + 8 - (-9 + (-4 - (-8 - 19)))
-7
Evaluate (36 + -24 + 19 - 25) + -17 + 0.
-11
What is the value of -6 + (5 - -33) + -101 + 91?
22
Evaluate (-37 + 77 - 38) + -1 + 3.
4
(6 - 12) + -8 + 11 + 6
3
Calculate 38 + (-99 - -34 - -30).
3
Calculate -18 + (8 - (-10 + 6)) + -16.
-22
Calculate (5 - (-36 + 41)) + -6.
-6
Calculate -21 + -7 + -10 + 31.
-7
Calculate -20 - -20 - (-3 + 16).
-13
(1 + 2 - (-9 + 1 - -3)) + 4
12
Calculate -21 + (11 - 10) + -3 + 13.
-10
What is (-12 - -4 - -11) + 15?
18
What is the value of -1 + (1 - -16 - (1 - (6 - 8)))?
13
Evaluate (0 - 1) + -1 + 916 + -923.
-9
What is the value of (0 + 5 - -3) + -2 + 9?
15
What is 5 - (6 - -1) - (4 + -10 - -8)?
-4
Calculate -5 - (23 + (17 - 20)).
-25
What is the value of (57 - 8) + -58 + 30?
21
(-1 - 3 - 1) + (103 - 118)
-20
What is the value of -7 + -2 + 4 + (3 - (-4 + 10))?
-8
What is 5 + (-18 + -4 - -3)?
-14
What is -5 + (-7 - (-4 + -1)) + 2 + -4?
-9
What is the value of 14 - (-8 + (17 - -7))?
-2
Evaluate 2 - (-21 - -16) - (-2 - -5 - 5).
9
Calculate 1 + 6 + -1 + (-8 - -1 - 5).
-6
(-1 - 7) + -1 - (-105 + 86)
10
Evaluate (167 - 165) + 0 + 9.
11
1 - (-11 + (-8 - -11) - -2)
7
5 - -27 - (-5 - (-4 - (-8 + 16)))
25
20 + -32 + -4 + 8
-8
Evaluate (-20 - (-20 - -2)) + (1 - -1) + 10.
10
Evaluate -4 + (1 - -6) + (-62 - -23 - -12).
-24
Calculate -9 + -1 + (11 - 6).
-5
Calculate 13 - 20 - 5 - (1 - -1).
-14
What is (0 + -6 + -6 - -21 - 11) + -6?
-8
Calculate -5 + 8 + -15 + -2 + 0.
-14
Evaluate 2 + (-5 - 16) + 5 - -4.
-10
451 - 441 - ((3 - (4 - 1)) + 40)
-30
Evaluate -8 + -2 + (52 - 40) + (9 - 0).
11
Calculate 14 + (13 - 0) + 3 - 4.
26
(4 + -5 - 6) + 33 + -17
9
-2 + -2 + 0 - -6 - 2
0
What is the value of (-32 - (-12 + -50)) + -21?
9
8 + (-12 - -7) + 5 + 8
16
What is (53 - 19) + -32 + -19?
-17
What is 32 + 4 + -3 - 58?
-25
24 + -43 - ((7 - 1) + 9)
-34
Calculate 23 + 14 - 36 - 27.
-26
Evaluate -11 + -21 + (19 - 8) - -4.
-17
(-34 - (-28 + 11)) + (-6 - -6) + 0
-17
Evaluate 13 + (-29 - -27) + (6 - 0) + -10.
7
What is -28 + (14 - -4) + 3?
-7
What is 11 + 9 + 0 + -6 + 7?
21
What is the value of 412 + -423 + (11 - 0) + 0 + -2?
-2
-2 - 1 - (-6 - -15)
-12
7 - (0 - (0 + 7 + -2))
12
3 + (-3 - -6) + -8 + 1 - -3
2
-3 + (1 - 3 - 0) + -4 + 2
-7
What is 31 + (-57 - -33) + (7 - (0 + -1))?
15
Evaluate 2 + (-8 + 12 + -5 - -8).
9
-4 + (-12 - -11) - (4 - 3)
-6
1 - (14 + -16) - 12 - -32
23
Calculate (-1 - ((-12 - -32) + -13)) + -3.
-11
What is 6 + (13 - (-4 + 10))?
13
What is the value of 2 + 7 - 5 - 12?
-8
What is (10 + -4 - (-5 - (-2 + -4))) + -6?
-1
Evaluate 13 + (0 - (-2 - -2)) + -21.
-8
Evaluate -1 + 4 + -136 + 139.
6
What is -16 + (8 + 1 - 3) - -7?
-3
What is 8 - ((6 + -9 - -5) + (5 - 0))?
1
Evaluate -51 + (2 - -4 - (42 + -51)).
-36
(-8 - (6 - 17)) + 6 + -33 - -2
-22
8 - (12 - (9 + 7 + -8))
4
What is the value of -5 + (-10 - (-1 - (-15 + 34)))?
5
What is -8 - (-40 + 20 - 8)?
20
Calculate -29 + 12 - (-10 + -3 + 6).
-10
What is the value of 2 + -30 - (-1 - 4 - (-168 - -170))?
-21
Calculate 14 - (1 - -12 - (1 + 25)).
27
What is 7 - 1 - (1 - (-9 + (17 - 4)))?
9
Evaluate -23 - ((7 - 40) + 25).
-15
Evaluate 11 - (27 + -1 + 1).
-16
What is -33 + 30 - (6 + 2)?
-11
Evaluate (7 - (-8 - -6)) + -14.
-5
Evaluate 4 + (6 + -2 - (0 + 9)) - -4.
3
What is the value of -2 - -1 - ((15 - 10) + -21)?
15
(-17 - -9) + 29 + (-3 - 4) + -4
10
Calculate (24 + -26 - -12) + 4 + (1 - 0).
15
Calculate -840 + 834 - (-1 + 10).
-15
Evaluate -5 - -2 - (-931 - -926).
2
What is the value of 28 + 1 + -11 - (3 + 7 + -3)?
11
What is -10 + 0 + (15 - (-9 - -25))?
-11
Calculate 69 - 58 - (8 + 1).
2
Evaluate 130 - 127 - (-1 - (-2 + -4)).
-2
What is the value of 8 - (8 + (0 - 26 - -9 - -9))?
8
Calculate -6 - -11 - (2 + 9 + -9 - 2).
5
Evaluate -1 + 8 + -11 + -4.
-8
What is the value of (1 - 11) + (-33 + 28 - -55)?
40
179 - 168 - (1 - 0)
10
-2 + 1 - (72 + (-156 - -76))
7
Evaluate -2 + 1 + (4 - -4) + -14 - -25.
18
Evaluate -16 - -1 - (8 + -16) - -1.
-6
Calculate -16 + (-4 - (1 + -4 - 3)).
-14
15 - 14 - (11 - 2) - 0
-8
What is the value of 5 + (-5 - (4 - -11))?
-15
What is the value of 0 - (2 - -7 - 10)?
1
What is the value of -61 + 71 - (-3 - -18)?
-5
Evaluate -558 - -554 - ((-2 - -1) + 7).
-10
Calculate -6 - 5 - (-7 - -3).
-7
19 - 11 - 19 - (3 + 1)
-15
(1 - 16) + (-29 - -27) - -11
-6
What is -7 + -3 + 5 + (-1 - (-19 + 7))?
6
What is the value of -9 - -1 - (-107 + 93) - 10?
-4
What is the value of 7 - (-24 + 89 - 30)?
-28
Evaluate 19 + -24 + (7 - 15 - -4).
-9
Calculate 45 + -60 + (-12 - (0 + -9)).
-18
What is the value of -3 + (8 - (-4 + (-5 - -19))) + 2?
-3
0 + 0 + (-137 - -136) - (7 + 1)
-9
What is the value of (-25 - -64) + -32 - (-1 + 2 - -3)?
3
What is -23 - (-17 + -5 + -29)?
28
Evaluate -12 - -8 - -4 - 8.
-8
13 + -8 + -6 + (-17 - -11)
-7
What is the value of (18 - (9 - 10 - (-4 - 1))) + 1?
15
(-1 - (12 + -26)) + -5
8
-13 - ((7 - 1) + -25)
6
2 - (6 + 6) - ((-8 - -1) + 15)
-18
Calculate 3 - -6 - (-28 + (67 - 43)).
13
6 - 0 - (46 + -3 + -56)
19
Evaluate -5 - -1 - (13 + -6) - -22.
11
What is the value of (0 - 0) + (-1 - (3 - 0))?
-4
Evaluate 7 + -32 + -4 + 17.
-12
What is the value of -16 - (-1 + -1) - (-124 - -150)?
-40
What is the value of 8 - -7 - 3 - 8 - 1?
3
What is -25 - (3 - (13 - (7 + 2) - 4))?
-28
Calculate 11 + 0 - (6 + -6 + 4).
7
What is the value of 1 - 6 - (-11 + 20)?
-14
What is the value of -12 + -5 - (-10 - 7)?
0
What is -6 - -3 - -10 - (1 + -14 + 14)?
6
Calculate 3 - (-12 + -15 + 22 - (-1 + -5)).
2
9 - 14 - (-19 - (-1 - 4 - -2))
11
What is the value of -4 + (8 - 1) - (21 - 6)?
-12
What is -7 + (0 - -4) - (-55 - -58)?
-6
What is the value of 1 - 5 - (7 - 3 - (5 - -3))?
0
34 - 25 - 26 - 4
-21
What is -7 - ((-2 - 3 - 1) + (7 - 1))?
-7
What is the value of (-37 - -40) + 2 + 0 + -24?
-19
What is 1 + (10 - 27) - -1?
-15
Calculate (-11 - -2) + 32 - 19.
4
(-5 - (-1 + 0)) + (69 - 60)
5
What is the value of (-34 + -9 - -33) + (-3 - -1)?
-12
What is -7 + -2 + -1 + 115 + -126?
-21
What is 1 - -18 - 5 - 20?
-6
(16 + 8 - 12) + -25
-13
What is -4 + (5 - 3 - (-4 - (-4 + 4)))?
2
What is (5 - 10) + -20 + 6 + -7?
-26
What is -24 + -1 + -1126 + 1143?
-8
Wh